s the remainder when 16688 is divided by 641?
22
What is the remainder when 1457 is divided by 122?
115
Calculate the remainder when 36883 is divided by 32.
19
What is the remainder when 3191 is divided by 710?
351
What is the remainder when 110252 is divided by 726?
626
Calculate the remainder when 21631 is divided by 1538.
99
Calculate the remainder when 1342 is divided by 202.
130
Calculate the remainder when 9619 is divided by 183.
103
What is the remainder when 11636 is divided by 166?
16
What is the remainder when 174 is divided by 47?
33
Calculate the remainder when 64893 is divided by 1064.
1053
Calculate the remainder when 77309 is divided by 4831.
13
Calculate the remainder when 5968 is divided by 809.
305
What is the remainder when 5065 is divided by 5056?
9
Calculate the remainder when 7564 is divided by 64.
12
Calculate the remainder when 50065 is divided by 822.
745
Calculate the remainder when 7431 is divided by 2453.
72
What is the remainder when 376 is divided by 261?
115
Calculate the remainder when 95090 is divided by 6790.
30
Calculate the remainder when 29514 is divided by 3274.
48
Calculate the remainder when 1363 is divided by 171.
166
Calculate the remainder when 3283 is divided by 156.
7
What is the remainder when 4612 is divided by 22?
14
Calculate the remainder when 1163 is divided by 1084.
79
What is the remainder when 1000 is divided by 23?
11
Calculate the remainder when 1100091 is divided by 28.
27
What is the remainder when 9983 is divided by 1133?
919
What is the remainder when 868 is divided by 118?
42
What is the remainder when 8837 is divided by 180?
17
What is the remainder when 3311 is divided by 3259?
52
What is the remainder when 108095 is divided by 26?
13
What is the remainder when 872 is divided by 224?
200
What is the remainder when 39360 is divided by 16?
0
Calculate the remainder when 11013 is divided by 710.
363
Calculate the remainder when 77444 is divided by 310.
254
What is the remainder when 32448 is divided by 99?
75
Calculate the remainder when 25496 is divided by 322.
58
Calculate the remainder when 394 is divided by 38.
14
What is the remainder when 5796 is divided by 410?
56
What is the remainder when 22843 is divided by 279?
244
Calculate the remainder when 2471 is divided by 2345.
126
What is the remainder when 224 is divided by 57?
53
Calculate the remainder when 101396 is divided by 16.
4
Calculate the remainder when 276311 is divided by 1570.
1561
Calculate the remainder when 6868 is divided by 6810.
58
What is the remainder when 315555 is divided by 47?
44
What is the remainder when 452 is divided by 42?
32
What is the remainder when 428487 is divided by 77?
59
Calculate the remainder when 160018 is divided by 52.
14
What is the remainder when 7588 is divided by 46?
44
Calculate the remainder when 1175 is divided by 538.
99
Calculate the remainder when 485997 is divided by 931.
15
What is the remainder when 6923 is divided by 1383?
8
Calculate the remainder when 32392 is divided by 66.
52
Calculate the remainder when 8723 is divided by 2884.
71
What is the remainder when 12176800 is divided by 91?
90
What is the remainder when 1991 is divided by 1961?
30
Calculate the remainder when 1263 is divided by 916.
347
What is the remainder when 13759 is divided by 6852?
55
Calculate the remainder when 4376 is divided by 207.
29
What is the remainder when 4778 is divided by 2106?
566
What is the remainder when 2602107 is divided by 44?
35
Calculate the remainder when 39519 is divided by 13140.
99
Calculate the remainder when 65699 is divided by 297.
62
Calculate the remainder when 10114 is divided by 42.
34
What is the remainder when 4746 is divided by 263?
12
What is the remainder when 332639 is divided by 126?
125
What is the remainder when 347193 is divided by 1400?
1393
What is the remainder when 41698 is divided by 1262?
52
Calculate the remainder when 8746 is divided by 81.
79
Calculate the remainder when 12452 is divided by 3112.
4
Calculate the remainder when 7896 is divided by 358.
20
What is the remainder when 32916 is divided by 1134?
30
What is the remainder when 125292 is divided by 191?
187
Calculate the remainder when 10585 is divided by 2367.
1117
Calculate the remainder when 1496862 is divided by 217.
213
What is the remainder when 1336 is divided by 667?
2
What is the remainder when 19790 is divided by 3297?
8
What is the remainder when 65308 is divided by 157?
153
Calculate the remainder when 1349793 is divided by 449930.
3
Calculate the remainder when 208169 is divided by 104073.
23
What is the remainder when 10417 is divided by 3414?
175
What is the remainder when 29296 is divided by 13?
7
Calculate the remainder when 6024 is divided by 42.
18
Calculate the remainder when 25996 is divided by 82.
2
Calculate the remainder when 6457 is divided by 2061.
274
Calculate the remainder when 10600 is divided by 2098.
110
Calculate the remainder when 19401 is divided by 606.
9
Calculate the remainder when 315752 is divided by 126.
122
What is the remainder when 28129 is divided by 438?
97
What is the remainder when 10104 is divided by 46?
30
What is the remainder when 73062 is divided by 181?
119
Calculate the remainder when 61646 is divided by 10254.
122
What is the remainder when 10091 is divided by 10059?
32
Calculate the remainder when 30514 is divided by 10154.
52
Calculate the remainder when 221937 is divided by 603.
33
What is the remainder when 387226 is divided by 29?
18
What is the remainder when 159793 is divided by 538?
7
Calculate the remainder when 11901 is divided by 167.
44
What is the remainder when 644122 is divided by 156?
154
What is the remainder when 5508 is divided by 104?
100
Calculate the remainder when 69858 is divided by 14.
12
What is the remainder when 10587 is divided by 908?
599
Calculate the remainder when 3989 is divided by 433.
92
Calculate the remainder when 25088 is divided by 1091.
1086
What is the remainder when 257797 is divided by 1011?
1003
What is the remainder when 36426 is divided by 28?
26
Calculate the remainder when 2804 is divided by 967.
870
What is the remainder when 17860 is divided by 119?
10
Calculate the remainder when 20778 is divided by 10388.
2
What is the remainder when 675251 is divided by 7?
3
Calculate the remainder when 18342 is divided by 633.
618
Calculate the remainder when 18460 is divided by 40.
20
What is the remainder when 23706 is divided by 2574?
540
Calculate the remainder when 92073 is divided by 69.
27
What is the remainder when 194037 is divided by 10211?
28
Calculate the remainder when 55149 is divided by 9182.
57
Calculate the remainder when 9546 is divided by 1584.
42
What is the remainder when 1363 is divided by 658?
47
What is the remainder when 4826 is divided by 194?
170
Calculate the remainder when 204857 is divided by 528.
521
What is the remainder when 16525 is divided by 22?
3
Calculate the remainder when 1093412 is divided by 696.
692
Calculate the remainder when 145345 is divided by 72.
49
Calculate the remainder when 14453 is divided by 66.
65
Calculate the remainder when 38812 is divided by 409.
366
What is the remainder when 102254 is divided by 69?
65
Calculate the remainder when 14508 is divided by 7252.
4
What is the remainder when 213942 is divided by 17?
14
What is the remainder when 22284 is divided by 1238?
0
What is the remainder when 7987 is divided by 210?
7
Calculate the remainder when 24432 is divided by 2951.
824
Calculate the remainder when 119781 is divided by 26.
25
Calculate the remainder when 51050 is divided by 841.
590
Calculate the remainder when 35956 is divided by 35931.
25
Calculate the remainder when 421957 is divided by 10.
7
Calculate the remainder when 28323 is divided by 255.
18
Calculate the remainder when 64644 is divided by 21530.
54
Calculate the remainder when 16003 is divided by 53.
50
What is the remainder when 211682 is divided by 708?
698
Calculate the remainder when 163736 is divided by 73.
70
What is the remainder when 44087 is divided by 6298?
1
Calculate the remainder when 3011 is divided by 26.
21
What is the remainder when 679 is divided by 665?
14
What is the remainder when 9667 is divided by 167?
148
Calculate the remainder when 1511141 is d